- (94 - 31).
-20
What is the value of (78 + -22 - 17) + -25 - 15?
-1
Evaluate (-11 - 4) + 273 + -263 + -52.
-57
What is the value of (20 - 2) + 1 + -1 - (-94036 + 94155)?
-101
What is (-21 + (1 - (-18 + 13)) - 17) + 5?
-27
151 - (55 - 57) - 61
92
What is the value of (130 - 152) + (-20 - 6)?
-48
What is the value of 11 + 2 + -3 - 0 - (129 + -157)?
38
Calculate (-201 - -206) + (1 - -16) + 13.
35
What is -2 + (34 - -4) - (161 - 81)?
-44
Evaluate -1 + 17 + 0 + -2 - (33 + -73 + 27).
27
What is -79 - 8 - (-128 - -102)?
-61
Calculate (130 - 124) + -23 + 65.
48
Calculate (53 - (-23 + 39)) + -2 + 1 + -8.
28
What is the value of -1 + (-8 - -16 - 15) + 14?
6
What is (-11 - 3 - 3) + (77 - 24)?
36
28 - (2 - -19) - -6
13
Calculate (-41 + 116 + -55 - 40) + (-2 - -1 - 1).
-22
Calculate 3 - (-7 + 25) - (6 - 81 - 2).
62
Calculate 2 + -2 + -2 + (-36 - -35) - (5 - 53).
45
13 + 8 + (31 - (51 - 99))
100
Evaluate -2 + 83 + (-66 - (57 + -90 + -17)).
65
What is -19 + -32 + 133 + -55?
27
What is 20 + (65 - 18 - 28) + 46?
85
Evaluate -23 - (41 - 67) - -42.
45
Evaluate (46 - 28) + 26 - (17 - (12 + -14)).
25
Evaluate 44 - 48 - (18 + (-8 - -4)) - 29.
-47
-1 - ((-10 + (1 - 1) - (242 + -237)) + 14)
0
Calculate -27 + (34 - 99) + 112.
20
What is (12 - 5 - -13) + 9 + -63?
-34
21 + 9 - (-33 + (-28 - -58))
33
Evaluate (40 - 32) + -54 - -33.
-13
Evaluate 20 + -3 + (10 - (-30 - -9 - -20)).
28
Calculate (11 - (5 + 13 + -10)) + -78.
-75
What is -4 + 17 + (25 - (8 + 18 - 19))?
31
What is the value of 51 - (-19 + 76 - 21) - 10?
5
-26 + (27 - (21 + -24)) + 44
48
What is (-627 - -634) + (-3 - 1) + (-2 - -30)?
31
-17 - ((-48 - -27) + 13 + 5)
-14
What is (-4 - (9 + 19 - 18)) + (2 - 9)?
-21
What is (14 + 3 - (10 + 20)) + 0 + 69?
56
Calculate 1 - ((33 - (30 - 15)) + -7) - 23.
-33
What is 1 + 19 - (29 - 58 - -13)?
36
What is -47 + (-1 - -8) + 8?
-32
Evaluate -22 - (-6 + 6 + -15 + (-7 + -4 - -14)).
-10
Calculate (66 + -46 - -47) + -75.
-8
Evaluate 79 - (0 - -1 - (0 + 4 - (-173 - -165))).
90
What is the value of 5 + (3 - 1) + -50 + 80 + -21 - 3?
13
What is -40 + -23 + 76 + 16?
29
What is (-69 - (-33 - 13)) + -15?
-38
Evaluate -37 + -1 - (-644 + 559).
47
What is -6 + -1 + -10 + 10 + -1 + -7 - -157?
142
Evaluate (-74 - -1) + (-26 + -3 - (10 + -12 - 29)).
-71
13 - (-12 + 19 + (8 - 36))
34
Evaluate -9 + (-9 - (-47 + 45)) + -8 + 4.
-20
Calculate 0 + (42 - (-38 - -70 - 24)).
34
-114 + 110 + (3 + -8 - (0 - 3) - 16)
-22
Calculate -855 - -803 - (2 + -61).
7
27 - (32 - 40 - -42) - -154
147
3 + (0 - (-20 - (-5 + 13 - 18)) - -72)
85
What is 43 + (-84 + 11 - 15)?
-45
What is the value of 53 + -22 - 22 - (14 + 14)?
-19
(1 - 5 - (-67 + -5)) + 23 + -66 + 31
56
9 + 4 + -2 + 6 - -3 - -4
24
Calculate (-20 + -26 - 11) + 54.
-3
What is 119 + -2 - -43 - (21 + 3 + -3)?
139
Calculate 13 - (646 - 640 - (6 + 0 + 1 - -3)).
17
(16 - 0) + 27 + -22 + -40
-19
Evaluate -2 - (1 - 23) - (35 - (21 - (13 + -16))).
9
Evaluate (-9 + 1 - -13) + 4 + 2 - (-3 + -2).
16
What is the value of -1 + (-105 - -108) + 32?
34
63 - (-4 - 10 - -29 - 1)
49
Evaluate 7 - (28 + -58 + 41).
-4
What is the value of -5 - (37 + -16) - -52 - -29?
55
What is 16 + (1 + -21 - -18) + -6?
8
Evaluate (-8 - (20 - (16 + -13))) + (3 - 3).
-25
-1 + -27 + (-16 - -73) + -60 - (1 - 11)
-21
Calculate 5 - -102 - (-4057 - -4220).
-56
What is (77 - 47) + (-1 - 8) + (2 - (8 + 1))?
14
What is the value of 2 + -1 - (-9 + (2 - (-4 - 3 - -8)))?
9
Calculate -16 - (-5 - -14) - (-46 - -28).
-7
What is -28 + -9 + -56 + 131?
38
What is the value of -15 + (-2 - (16 + -25 - -2))?
-10
(-42 - -1) + 214 + (-230 - -88)
31
Evaluate -1 + -105 + -8942 + 9101.
53
What is (63 - (-12 + 88)) + 0 + 38?
25
(-4 - (53 + -29)) + 42
14
What is (8 - -34) + -21 + -34 + 2?
-11
What is -112 + 65 + -26 - -64?
-9
What is -41 + (70 - -22) - 125?
-74
What is (-8 - -19 - ((22 - (4 + 1)) + -6)) + -42?
-42
Evaluate 22 - (-2 - -4) - (9 + 46 + 14).
-49
What is 83 - (48 - -41 - -66)?
-72
-23 + (4 - (-76 - (-1 - -5)))
61
29 + (-27 - -15) + 19 - 15
21
32 + (-18 - -13) + (16 - 34)
9
What is the value of -6 + 37 - ((1 - 13) + -3 - (122 + -125))?
43
Evaluate -40 + 15 + -14 + (-7 - 4) + 7.
-43
Calculate 10 + (-1 + -9 - (-17 - -14 - 1)) - 6.
-2
What is 42 + (-16 - 78 - -58)?
6
What is -9 - (-54 - (-17 + 4))?
32
-20 + 11 + (-2 - 13)
-24
What is (-95 - (21 + -43)) + 59?
-14
-20 + (-31 - -5 - -3) + 37
-6
What is (-12 - (1 - (-12 - 0 - -28))) + -2 + 27?
28
0 - (-31 - 9 - (5 + 2))
47
What is -10 + 11 + 2 + 10 + (-36 - -49)?
26
What is 127 + (5 - -7) + -12 + 5 - (-6 + 10)?
128
What is the value of 19 - (4 + (35 - 6) - 11)?
-3
What is 134 + 59 + -139 + -15?
39
Evaluate 49 + -2 + 823 + -865.
5
(-3 - -19 - (3 + 0 + 17 + -30)) + 6
32
What is (-4 - 8) + 55 - (-13 - (-16 + 1) - 15)?
56
Calculate 28 + -38 + -13 + -14.
-37
Calculate (4 - ((12 - 22) + 0)) + 6.
20
Evaluate 4 - (7 + 2 + -19) - -20.
34
Evaluate 20 - (-3 + 12) - (-37 - 1).
49
-299 - -301 - (1 + 53) - (2 + -3 + 1)
-52
53 + -78 + (48 - 22)
1
Evaluate (11 - (3 + 14)) + (3 - 7) + 247 + -97.
140
(8 - (-12 - 5 - -21)) + 101
105
Calculate 14 + (-2 - 10) + -89 + 76 + -2 + 15.
2
What is -46 + 57 + -3 + 7 - 13 - -18?
20
Calculate 0 + (16 - (3 + -7 - -11)) + 16.
25
Evaluate -24 + -3 + (-123 - (-29 - 58)).
-63
Evaluate (-1 - (-12 + 19 + 3)) + (0 + 17 - 5).
1
What is the value of 13 - 0 - (61 - (137 + 28 + -27))?
90
Evaluate (-67 - -77) + (-1 + -4 - (-62 - -102)).
-35
-88 + (4 - 60) + 29
-115
What is 7 - (13 + (-43 - -5))?
32
What is -54 - (1 + 1 + -43 + (-40 - -69))?
-42
Calculate 6 - (-1 - -8 - ((-13 - -17) + 8)).
11
Evaluate 0 + (-20 - -50) - -3 - -62.
95
What is the value of 1 - 3 - (-16 + 29 - 12) - (-3 + -2)?
2
Evaluate (12 - 19) + 20 - 11 - (37 + -1).
-34
What is (-2 + (2 + -4 + -3 - 2) - 28) + -6?
-43
What is -42 - -15 - (-16 - (-40 + -4))?
-55
Evaluate 25 + -116 - (-7 + -2 + -6 + 15).
-91
Calculate -34 - 12 - 1 - -31.
-16
Evaluate -26 - -28 - -37 - (6 + (6 - 4) + -1).
32
Evaluate -3 - (7 - -3 - (18 + 3 - 14)).
-6
Calculate 741 + -687 + 5 + -6 + 34.
87
What is -31 + -15 + 10 + (14 + 2 - 3) - -7?
-16
-15 - (18 - (63 + -29 + 8))
9
What is (51 - 51 - -45) + -36 - (1 + 5)?
3
What is (26 - 70) + 29 - (17 + -26)?
-6
Calculate 9 - (-33 + 20) - -22.
44
What is the value of 19 - (-8 - (-21 + -21 + 44))?
29
Evaluate -4 - (45 - (-62 - -86)).
-25
What is (86 - -1) + (-9997 - -9927)?
17
8 + (80 - 120 - -74)
42
2 + -5 - ((10 - 18) + 17) - 0 - -6
-6
What is -4 + 1 - (770 + -814)?
41
3 - -1 - (-444 - -414)
34
(3 - 36 - (-57 - -30)) + (-1 - -41)
34
181 + -188 + (8 - -3 - 21 - -76)
59
What is the value of (-95 - (-8 + 3)) + 14 + 76 + -77?
-77
Calculate (8 - 0) + -3 + 42.
47
55 + 37 + -95 + -2
-5
Calculate -1 - (13 - 9) - (-25 - -21) - 1 - -44.
42
(8 - 2) + -19 + (-17 - (-30 - -8)) - 39
-47
Evaluate -6 + (53 - 18 - 16) + -98 + 2.
-83
Evaluate -38 + -29 + 105 + -108 + -37.
-107
What is the value of 2 + -2 + 61 + (188 + -283 - -114)?
80
31 - (13 + -19 + 28 - 25)
34
44 - (-12 - -22) - 34
0
What is (253 - 196) + -10 + (4 - 6)?
45
Evaluate -44 - (-16 - (-37 - (12 - 2 - 14) - -14)).
-47
Calculate 0 + 19 + (-125 - -106) - 44.
-44
Calculate 0 + 35 + 2557 + -2512.
80
What is 0 + -60 + -92 + 66 + 28?
-58
Calculate -32 + 2 + 43 - (53 - 5).
-35
100069 + -100010 + -11 + 1 + (1 - 0)
50
Evaluate (-14 - (0 + -6) - 69) + (-7 - -6) + 5.
-73
What is 7 - ((4 - (12 + -1 + -2)) + 8 + 12)?
-8
Evaluate (12 - -5) + 20 - (-7 + 13 + -7).
38
What is -40 - (30 + -27) - -23 - -77?
57
What is the value of -18 - (-15 + -3 - (-21 + 16 - 4))?
-9
What is (-48 - -11) + (-1 + -38 - 14)?
-90
What is -8 + -51 + -106 + 168?
3
Evaluate -2 + 0 + (-33 + -15 - (-28 + 5)) + 39.
12
Evaluate 12 + (-12 - -12) - (12 + 53).
-53
Calculate -77 + (-53 - (-7 - 62)).
-61
Calculate -8 - (-29 - (-14 + 7)) - (43 + -9).
-20
10 + (3 - 16) + (-81 - ((3 - 5) + 3))
-85
What is 12 + -35 + 14 - (-2 + -12 + 4)?
1
Evaluate -38 - (-98 - (-14 - -2)).
48
What is -8 + 78 + -13 + (2 - 20)?
39
Evaluate -30 - -3 - (-831 - -759).
45
Calculate 5 + (6 + -4 - -1) - 6 - -4.
6
What is the value of 3 + (-17 - -35) - 2 - -1?
20
What is 16 + (3 - 110 - (-235 + 234))?
-90
Calculate (-60 - ((-32 - 24) + 40)) + -28.
-72
Evaluate 455 + -478 - (15 + 1 + -4 - -2).
-37
(-43 - -44) + -17 + 25
9
What is the value of -5 - (2 + -4) - (-151 + 162 + 82 + -2)?
-94
Evaluate (-99 + 116 - 